*4 - 5*q**2 + 0*q + 0. What is v(1)?
-7
Let i be (-36)/90 + (-44)/(-10). Suppose -98 - 157 = -5*p. Let t(f) = p*f - 57*f - f**2 - i + 0*f**2. What is t(-4)?
4
Let y(a) = -30*a + 8. Let u(t) = -11*t + 3. Let p be (-4)/14 - (-418)/(-154). Let d(b) = p*y(b) + 8*u(b). Give d(3).
6
Let m(d) = -d**3 + 4*d**2 + 2*d - 6. Let a(h) be the second derivative of 0 + 1/6*h**3 + 29*h + 6*h**2. Let u be a(-8). Calculate m(u).
2
Let s(c) = 5*c - 7. Let l(i) = -i + 3. Let b(o) = -7*l(o) - 2*s(o). Let j(g) = 1. Let d(f) = b(f) - 3*j(f). Calculate d(-4).
2
Let t = -25786 - -25808. Let v(b) = -b**3 + 22*b**2 + 3*b - 40. Give v(t).
26
Let p(f) = f**3 - 10*f**2 + 18*f - 6. Let v(q) = -331*q + 1993. Let m be v(6). Determine p(m).
-27
Let k(m) = -4*m - 71. Let c(x) = 7*x + 120. Let u(n) = -7*c(n) - 12*k(n). Give u(-11).
23
Suppose 2*c - 12 = -8. Let n(u) = -u**2 + 3*u - 1. Let l(y) = y**2 - 7*y + 4. Let t(i) = l(i) + 2*n(i). What is t(c)?
-4
Let i(x) be the second derivative of -5*x**3/3 + 73*x**2 - 6715*x. What is i(15)?
-4
Let p(b) be the second derivative of b**3/6 + b**2/2 + 32*b - 18. Let o be 2/5 - (-476)/10. Suppose -j - 2*c + 15 = 0, -j - 5*c + o = 18. What is p(j)?
6
Suppose 5 - 34 = -m. Let n(v) be the first derivative of -m*v**2 + 55*v**2 - 32*v**2 + 12. Calculate n(-1).
12
Let b(t) = -2*t**3 + 16*t**2 + 49*t - 76. Let h be b(10). Let p(x) = x**3 - 14*x**2 + 37. Give p(h).
37
Let i(g) = g + 17. Let t(x) = -15*x - 172. Let a(s) = -6*i(s) - t(s). Calculate a(-5).
25
Let y(w) be the first derivative of 5*w**4/2 - 5*w**3/3 + w**2 + w + 1290. Give y(1).
8
Let h be (710/100 + -7 + -4)/((-18)/10). Let k(a) be the third derivative of 0 + 1/24*a**4 + 0*a + h*a**3 - 7*a**2. Calculate k(-7).
6
Suppose -1936*a + 1904*a = 64. Let v(f) = 3*f + 3. Determine v(a).
-3
Let c(t) = 23687*t**3 + 12*t**2 - 5*t**2 + 229 + 43*t - 23686*t**3. Determine c(-6).
7
Suppose 0 = 4*r - 5*g - 22, r - 16*g = -15*g + 5. Let p(c) = -6*c**3 - 6*c**r + 1 - 4*c**3 - c**2 + 17*c**3. Calculate p(0).
1
Let s(z) = -z - 10. Let u(d) be the second derivative of -d**3/6 - 11*d**2/2 - 5*d - 4. Let a = 14 - 16. Let k(j) = a*u(j) + 3*s(j). What is k(-6)?
-2
Let v(t) = -13*t**3 + 5*t**2 + 10*t + 7. Let a(o) = -23*o**3 + 10*o**2 + 19*o + 15. Let m(h) = 4*a(h) - 7*v(h). Determine m(7).
-45
Let b(o) = -o**2 + 14*o - 6. Let q be b(13). Let g be (1 - 6)*(-2 - q - -10). Let w(j) = -3*j + 3. Determine w(g).
18
Let q(d) be the third derivative of -d**4/24 + d**3/3 - 28*d**2. Let x(v) = v**2 - 8. Let z be x(-4). Determine q(z).
-6
Suppose -4*n + q + 15 = 0, -5 = 3*n - 7*q + 3*q. Let s be (3 - 2)*1 + 0 + 5. Let m(c) = 3 + s*c - 5 - c**2 + 1. Determine m(n).
4
Let z(j) = 40*j - 60. Let y(h) = -59*h + 61. Let g(f) = 2*y(f) + 3*z(f). What is g(29)?
0
Let h = 13 - 19. Let w(x) = 10 - 20*x**3 + 5*x**2 + 21*x**3 - 28 + 9 - 5*x. Give w(h).
-15
Let h(k) = k**3 - 7*k**2 - 9*k + 3. Let c = -198 + 200. Let g = -7 - -12. Suppose 0 = -u - c*n + g*n + 17, 0 = -3*n - 9. What is h(u)?
-5
Let x(a) = -430961 + 0*a**2 - 4*a + 430969 + a**2 - 2*a**2. Give x(-7).
-13
Let n(k) = -10 - 4*k - 2*k**3 - 100*k**2 + 36*k**2 + 6 + 33*k**2 + 32*k**2. Determine n(-3).
71
Let s(p) = -35*p**3 - 31*p**2 - 2*p - 96. Let t(d) = 11*d**3 + 10*d**2 + d + 30. Let m(q) = 6*s(q) + 19*t(q). What is m(-2)?
4
Let i(t) be the second derivative of 0 + 1/12*t**4 - 13/6*t**3 + 5/2*t**2 - 6*t. Determine i(5).
-35
Suppose -2864*t + 2858*t = 6. Let u(s) = -24*s - 1 + 7*s + 9*s. Determine u(t).
7
Let r(a) = -a**3 - 11*a**2 - 12*a - 2. Let q be r(-10). Let l be (1/3)/((15/q)/5). Let o(m) = -9*m**2 + 8*m**l + 8*m + 8 + 2*m**2. What is o(-8)?
8
Let h(a) = 2*a - 8. Let o(q) = -q + 11. Let y be o(6). Let u(n) = 4*n - 13. Let z(x) = y*h(x) - 3*u(x). Determine z(-3).
5
Let j be 0/(3/1) - -48 - 0/140. Let i(n) = n**2 - 49*n + 61. Calculate i(j).
13
Let h(r) = 3500*r**2 - 36*r + 8 + 0*r**3 - 6956*r**2 + 3476*r**2 - 1 - r**3. What is h(18)?
7
Let a(z) = -z**2 - 4*z + 9. Let v(i) = 3*i - 1. Let n(l) = a(l) + 3*v(l). Determine n(5).
6
Suppose 2*a + 18*y - 17*y = 16, 5*a = y + 40. Let b(i) = 8*i - 5. What is b(a)?
59
Let x(w) = 14. Let i(v) = -v. Let h(z) = -12*i(z) + 3*x(z). Give h(-3).
6
Let b(k) be the third derivative of k**5/60 - k**4/8 + 2*k**2. Suppose -2*u - 244 + 234 = 0. Let o be (1 - u) + 27/(-27). Give b(o).
10
Let i be (-10 - -10)/(-2 + (3 - 0)). Let s(x) = 4*x - 3. Let u(k) = -k - 1. Let g = -13 + 10. Let l(v) = g*u(v) - s(v). What is l(i)?
6
Let k(l) = -1977*l + 68 + 1980*l + 22. What is k(-25)?
15
Let v = -146 + 148. Let n(p) = -82*p**2 - 83*p**2 + 0*p**3 - 2 + 169*p**2 - v*p - p**3. Suppose 0 = 5*z - 3*u - 21, -5*z + 5 = 4*u + u. Determine n(z).
1
Let s(g) = -g**2 + 4*g - 3. Suppose -2*z + 0*z - 16 = 5*j, -4*z = 2*j. Let a = -1377 - -1311. Let h be (3/z)/(a/(-88)). Calculate s(h).
1
Let z(h) = h - 19. Let c be 3 + (-9)/(-63)*0. Let x be c - (-6 - (-5 + 12)). What is z(x)?
-3
Let p(s) = 6*s + 17. Let r(z) = -4 - 15*z - 26 - 12. Let b(f) = 12*p(f) + 5*r(f). Let j be b(-1). Let x(h) = h**2 - 2. Determine x(j).
7
Suppose 171*k - 697*k - 252*k - 6224 = 0. Let z(n) be the third derivative of -n**5/60 - n**4/4 - 2*n**2. Calculate z(k).
-16
Let m = -3 - 5. Let s(q) be the first derivative of -q**3/3 - 9*q**2/2 + 1186. Calculate s(m).
8
Let a(l) = 10*l - 2*l + 405 - 61 - 40*l. Give a(11).
-8
Let t(f) be the third derivative of -7*f**4/8 + f**3/3 - 1453*f**2. Calculate t(1).
-19
Let t(g) = -17*g**2 + 45*g - 28. Let l(j) = -12*j**2 + 31*j - 19. Let q(o) = 10*l(o) - 7*t(o). Let w be (-1)/5 - 147/(-35). Determine q(w).
-30
Let n(f) = 20*f**2 + 2*f - 1. Let v = 112 + -34. Let r = v - 77. What is n(r)?
21
Let m(t) = 2*t + 10. Let a = 4570 - 4572. Determine m(a).
6
Let r(c) be the first derivative of c**3/3 + c**2/2 - 2*c - 12. Let w be (3/9*0)/2. Let d be r(w). Let a(o) = o**2 + o - 2. Determine a(d).
0
Let y(g) be the second derivative of g**4/8 + g**3 - 139*g**2/2 + 153*g. Let d(m) be the first derivative of y(m). What is d(-9)?
-21
Let m(f) = -f**3 - 8*f**2 - 14*f + 3. Suppose 3*j + 34 = 4*k - 4, 3 = 2*j + 3*k. Calculate m(j).
15
Let t(o) be the first derivative of o**5/60 - o**4/24 - 2*o**3/3 + 117*o**2/2 - 264. Let q(r) be the second derivative of t(r). Give q(-3).
8
Let c(n) = n - 4. Suppose 3*q = -5 + 5. Suppose q = -4*v + 17 + 19. Let f be c(v). Let z(x) = x**3 - 6*x**2 + 2*x + 6. Calculate z(f).
-9
Let t(v) be the third derivative of -v**4/3 + 11*v**3/2 + 142*v**2 + 8*v. Give t(5).
-7
Let c = -23 + 24. Let y(j) = 9 + c + 3 - 3 + j. Determine y(-9).
1
Suppose -14 = 3*d - 8. Let p be d/(-5) - (-288)/(-45). Let h be p*3/(-6) + -6. Let f(m) = m**2 - m + 1. What is f(h)?
13
Let m(i) = -i**3 - 2*i**2 - 2*i + 1. Let g(x) = -10*x**2 + 2*x**3 + 13*x + 18*x**3 - 22*x**3 + 4. Let s be g(-6). What is m(s)?
5
Suppose 13*w = -16 - 101. Let r(l) = -l**2 - 8*l + 12. Let g be r(w). Suppose 4*m = -g*s + 17, -3*s = m - 0*m - 2. Let o(v) = v**2 - 4*v + 1. Calculate o(m).
6
Let w(y) = -9*y - 47. Let x be (-154)/11 - (16 - 26). Give w(x).
-11
Let v(t) = 2*t**2 - 48*t + 134. Let i be v(21). Let f(c) be the second derivative of c**5/20 - 3*c**4/4 + 11*c**3/6 + 3*c**2/2 + 2*c. What is f(i)?
27
Suppose n - 2 = -0. Let w(y) = 13*y**2 - y + 13 - 6*y**2 - 6*y**n. Let l(o) = -o**3 + 10*o**2 - 6*o - 27. Let k be l(9). Calculate w(k).
13
Let r(y) = 2*y**2 - 23*y - 201. Let a be r(-6). Let n(m) = -m**2 + 17*m - 22. Give n(a).
50
Let x(i) = -i + 8. Let h(t) = -t + 8. Let f(r) = -4*h(r) + 5*x(r). Let q(l) = -4688*l - 32809. Let y be q(-7). Calculate f(y).
1
Suppose g - 3*k = 46, -3*g + 4 + 118 = -5*k. Suppose -33*x = -g*x + 48. Let a be (-188)/18 - x/(-108). Let p(h) = -h - 9. Calculate p(a).
1
Suppose 5*d - 80 = 5*x, -69 = -5*x + 9*x - 5*d. Let c(w) = -2*w**2 - 10*w + 24. Calculate c(x).
-108
Let o(b) be the first derivative of -5*b**2/2 + 2*b + 1008. Let w be (3 - 12)*4/(-18). Determine o(w).
-8
Let u(b) = -b + 3. Let a(z) be the second derivative of -z**5/20 + z**4/3 - z**3/3 + 2*z**2 + 262*z. Let i be a(2). Determine u(i).
-5
Suppose 17*l - 134 + 77 = 96. Let o(d) = -d**2 + 13*d - 7. Determine o(l).
29
Let j(u) be the first derivative of 2*u - 2 + 5 - 5*u**2 + 6*u**2 + 1. Let p be ((-2 + 3)/(-6))/((-52)/624). Calculate j(p).
6
Let p(n) be the second derivative of -n**4/12 - 7*n**3/6 + 67*n**2/2 